o) = -2*a(o) - 3*t(o). Let x be s(0). Determine b(x).
1
Suppose 2*n = 10*n - 24. Let r(c) = -2 + c**n - 2*c**3 + 0 + 2*c**2 + c - c**2. Suppose u + 3 = w, 3*u + 0*u = 5*w - 13. Give r(w).
-4
Let p(c) = -c**2 + 2*c + 10. Let i be p(-3). Let r(h) be the second derivative of h**4/12 + 7*h**3/6 + h**2/2 - 13*h. Give r(i).
-9
Let n(p) be the first derivative of p**4/4 - p**3 - p**2 + 3*p + 1. Let q = -6508 - -6511. What is n(q)?
-3
Suppose -214 = -2*f + h - 3*h, 3*h + 393 = 4*f. Let j(p) = -101*p + 4 - 2 + 4 + f*p. Calculate j(-8).
-2
Let d(t) be the second derivative of t**4/12 - t**3/2 + 5*t**2/2 + 4*t - 2. Give d(4).
9
Let v(p) = -2*p - 3 - 1 - 18 + 5 + 5. What is v(0)?
-12
Let h(g) = -g**2 - 7*g - 5. Let b(p) be the first derivative of -p**4/2 + 16*p**3/3 - p**2 + 12*p + 9. Let f be b(8). What is h(f)?
7
Suppose -1952*m + 1960*m + 48 = 0. Let r(a) = a**3 + 5*a**2 - 2*a + 1. Give r(m).
-23
Let g(h) be the third derivative of -h**4/24 + h**3/3 + 3*h**2 - 4. Give g(8).
-6
Suppose 2*c + 2*k = 4, -5*c - 2*k + 3*k + 34 = 0. Let q(p) = -1241*p + 2473*p + p**2 - 1240*p + 8. What is q(c)?
-4
Let g(z) = 6*z**2 + 330*z + z**3 + 325*z - 662*z - 6. Calculate g(-7).
-6
Let c(s) = s**3 + 4*s**2 - 6*s - 6. Let p(h) = -h**3 + 5*h**2 + 8*h + 37. Let z be p(7). Give c(z).
-1
Let g(m) = 15 - 3*m + 2*m**2 - 4 - 3*m**2 + 8*m. Let k be g(6). Let y(x) = 3*x - 9. Let b(n) = 2*n - 5. Let h(t) = k*b(t) - 3*y(t). What is h(-1)?
1
Let d = -30 + 57. Let t = d + -20. Suppose t*r - 3*r - 14 = 2*v, 3*r = 6. Let h(s) = -3*s - 3. What is h(v)?
6
Let c(k) be the second derivative of -2*k**3/3 + 21*k**2/2 + 26*k. What is c(7)?
-7
Let l = 8 + -8. Suppose 21*p - 18*p = l. Let i(o) = -o - 26*o**2 + 28*o**2 + p*o. Calculate i(1).
1
Let o be (-18)/90 - (0 + 9/5). Let p(y) = 7*y + 8. Let h(r) = -4*r - 5. Let w(t) = 8*h(t) + 5*p(t). Give w(o).
-6
Let q(t) = -16*t**2 + 15*t + 30. Let i(n) = 7*n**2 - 7*n - 12. Let g(u) = 7*i(u) + 3*q(u). What is g(-5)?
51
Let s(d) be the third derivative of -d**7/1008 - d**6/720 + 3*d**5/10 - 18*d**2. Let p(h) be the third derivative of s(h). Determine p(4).
-21
Let p = -543 - -545. Let y(g) be the first derivative of -1/3*g**3 - 5 + 3*g - 5/2*g**p. Determine y(-4).
7
Let n(t) be the third derivative of -t**8/1120 + t**6/720 - 13*t**5/30 - 21*t**2. Let s(v) be the third derivative of n(v). Give s(1).
-17
Suppose 2*h + 2*h - 24 = 0. Suppose 2*y - 4 = -3*c + 2*c, 4*c - 7 = y. Let q(x) = -1 + x - 4 - 4 - y. Give q(h).
-4
Let w = 95 + -89. Suppose -10 = 4*l - w. Let q(y) = -9*y**3 + y. Give q(l).
8
Suppose 0 = w + w + 46. Let x = w - -29. Let v(g) = 12*g**3 + 13*g**3 - x - g - 24*g**3 - g**2 + 2. Determine v(0).
-4
Let p = -27 - -33. Let r(u) = 6 + 9 - p*u - 17 + 2*u**2 - u**2. Give r(5).
-7
Let p(v) = 6*v - 2. Let t be (-333)/(-259) - (1 - 5/7). Calculate p(t).
4
Let r(m) = m + 5. Let t = 8 + -4. Suppose -3*q + t*q = 0. What is r(q)?
5
Let n(x) = 8*x + 3. Let z be (-2)/2 + -2 - -5. Suppose -l = -z*l. Suppose -10 = 5*g, l = 5*r + g - 6*g. Give n(r).
-13
Let y be 0*3/9 + (1 - 4). Let r(g) = 7*g**2 + 2*g - 7. Let h(d) = d**2 - 1. Let u(i) = 6*h(i) - r(i). Give u(y).
-2
Suppose 6*o - 2*o - 4 = -4*s, 0 = -3*s + o + 23. Let b(h) = 2*h - 4. Let k be b(3). Let t(c) = -5 + c**2 + 3*c - c**3 + 4*c**2 + k*c + c. Determine t(s).
-5
Let a be (-12)/(-3) + 3/(-12)*-4. Let p(j) = j**3 - 6*j**2 + 4*j + 3. What is p(a)?
-2
Let x be 10*(-10 + 247/26). Let a(o) = 2*o - 5. Give a(x).
-15
Let r(l) be the first derivative of -3*l**2 - 9*l + 66. What is r(7)?
-51
Let r be (3 - -2) + ((-12)/3)/2. Let k(u) = -2*u**2 + 8*u - 2. Calculate k(r).
4
Let c(n) be the second derivative of n**5/20 - 7*n**4/12 + 7*n**3/6 - 3*n**2/2 - 71*n. Calculate c(6).
3
Let v = 12 - 14. Let n(p) be the second derivative of p**3/6 - p**2/2 - 18*p. What is n(v)?
-3
Let r be 1/((-1)/1)*2. Let a(d) = -d**2 + d + 1. Let h be (-2*2/16)/((-2)/8). Let p(j) = j**3 + 3*j**2 - 4*j - 2. Let i(x) = h*p(x) + 3*a(x). Give i(r).
-5
Suppose 5*l + 3*h = -6, 5*l - 5*h + 6*h = -2. Let x(b) = -b + 5. Calculate x(l).
5
Let r(h) = h - 1. Suppose m = 2 - 0. Suppose 35 = 7*d - m*d. Suppose -10*p + 11*p = d. Determine r(p).
6
Let i(n) be the second derivative of -n**4/12 - 11*n**3/6 - 5*n**2/2 - 74*n. Calculate i(-9).
13
Let p(f) = -4*f - 50. Suppose t + 23*c - 18*c = -31, -16 = 4*c. Determine p(t).
-6
Let t(l) be the third derivative of l**6/120 - l**5/12 + l**4/6 + 5*l**3/6 + 3*l**2. Let b be 26/7 - 0 - 126/(-441). What is t(b)?
5
Let f(i) = -i**3 - 4*i**2 - i. Let l be f(-3). Let r(a) be the first derivative of a**4/4 + 7*a**3/3 + 7*a**2/2 + 4*a - 243. Give r(l).
-2
Let v(k) = 4*k**2 - 22*k - 5. Let q be v(6). Suppose q = -26*r + 25*r. Let o(y) = y**2 + 6*y + 1. What is o(r)?
8
Let b(s) be the third derivative of -2*s**2 + 0*s + 1/2*s**3 + 0 - 1/12*s**4. Suppose -3*w = -w + 8, o = -3*w - 15. Give b(o).
9
Let h(x) = x - 15. Suppose 11 - 51 = -2*s. Let j be h(s). Let d(u) = -u**3 + 6*u**2 - 5*u + 7. Determine d(j).
7
Suppose -48*k = -3*d - 49*k + 25, 5*k - 25 = -5*d. Let u(n) = n**3 - 10*n**2 - 2*n + 12. Determine u(d).
-8
Let q(l) = -l + 5. Let x(p) = 3*p**2 - 28*p + 12. Let m be x(9). Give q(m).
2
Let w(x) = 0 + 0 - x**2 + 72*x + 2 - 70*x. Calculate w(-2).
-6
Let m(z) be the third derivative of z**4/24 - 2*z**2. Let p(u) = -2*u - 4. Suppose -3*n + 1 = 5*g - 5*n, -2 = -n. Let t(q) = g*p(q) + m(q). What is t(-4)?
0
Let u = 27 - 27. Suppose u = -4*a + 9 - 1. Let c(t) = 2*t**a - t**2 + 7*t + 63 - 59. Give c(-6).
-2
Let o(k) be the second derivative of -12*k + 0 + 0*k**2 + 1/20*k**5 - 5/12*k**4 + 1/2*k**3. Calculate o(2).
-6
Let f(t) = -10*t**2 - 18. Let w(y) = -7*y**2 - 12. Let r = -5 - -13. Let l = 13 - r. Let i(q) = l*f(q) - 7*w(q). Calculate i(0).
-6
Let d(f) = -2*f - 6. Let u = -618 - -621. Calculate d(u).
-12
Let a(w) = -12*w - 5. Let k(r) be the first derivative of r + 3/2*r**2 + 3. Let y(m) = 2*a(m) + 9*k(m). Determine y(3).
8
Let p(l) = -11*l**2 + 15*l - 1. Let w be 2/((3/21)/(-1)). Let i = w + 20. Let s(x) = 5*x**2 - 7*x. Let q(z) = i*p(z) + 13*s(z). Calculate q(0).
-6
Let a be 6 - ((-3)/6 + (-7)/(-2)). Let f(t) = -a*t**2 - 4 + 5*t + 5*t**2 + 2. What is f(-4)?
10
Suppose 16*d + 10 = 21*d. Let j(g) = -1 + 7*g**2 - 9*g**d + 3*g**2 - 2 - 2*g. Give j(-2).
5
Suppose -12 = 5*o - 7*o. Suppose -2*q = 4*s + 30, s - o*s - 5 = -4*q. Let g(y) = -y**3 - 6*y**2 - 5*y - 7. Determine g(s).
-7
Let k(n) = -2*n**2 - 2*n. Let v(a) be the first derivative of a**3/3 + a**2/2 + 1. Let i(b) = -k(b) - 3*v(b). Let u be i(-3). Let j(r) = r + 7. What is j(u)?
1
Let z(b) = -b**2 + 14*b + 14. Let f(y) = y**2 - 12*y - 13. Let h(n) = -3*f(n) - 2*z(n). What is h(9)?
2
Let n(g) = -g**2 + 2*g - g**3 - 3*g + 0*g**2 - 1 + 7. Let b(w) = 2*w**3 + 3*w**2 + 2*w - 11. Let j(x) = -3*b(x) - 5*n(x). Give j(-3).
-3
Let f be (1 + -3)*(-40)/16. Let n(x) = -1 - 4 - f*x + 6 + 2*x. Suppose -u - 12 = 3*u - 5*z, 0 = -u - 4*z - 3. Give n(u).
10
Let w(o) = -6*o + 14. Let r(n) = 5*n - 10. Let g(h) = 5*r(h) + 4*w(h). Determine g(7).
13
Let f(p) = -p**3 + 3*p**2 - p - 4. Let u be (-7 - 3/9*0) + -2. Let i(g) = -3*g - 24. Let b be i(u). Determine f(b).
-7
Let m(z) = 9*z + 3*z**3 + z**2 - 11*z + 0*z. What is m(-2)?
-16
Let a(d) = 2*d + 16. Let y = -99 - -104. Let c(j) = -j**3 + 6*j**2 - 6*j - 6. Let s be c(y). Calculate a(s).
-6
Let j(b) = -1 + b - b**2 + 1. Let f be j(2). Let q(z) = -3*z - 17*z + 22*z + 2 - 1 + 2 + 4*z**2. What is q(f)?
15
Let h(k) = -2*k**2 - 6*k + 6. Let f be (-1)/4 + (-399)/84. What is h(f)?
-14
Suppose -3*g - 7 + 22 = 0. Suppose g*m + 8 = 3*m, -3*h + 18 = -3*m. Let j(s) = 5*s - 1. Calculate j(h).
9
Let u(j) = j + 1. Let o(r) = 2 - 2 + 10*r - r**2 + 7 + 5*r. Let k be o(16). Determine u(k).
-8
Suppose -2*r + 4*r - 16 = 2*b, 0 = -2*b - 4. Let c(y) = 7*y - 10 + r - 4*y. Calculate c(6).
14
Suppose -5*g = -k - 25, 0*g - 20 = -4*g + k. Let h(n) = n**2 - n**3 - 10*n**2 + g + 0. Determine h(-9).
5
Let f(g) = g**2 - 13*g - 10. Let y be f(18). Let p = 73 - y. Let a(d) = d**3 + 7*d**2 - 2*d - 1. Give a(p).
13
Let y(p) = 7*p - 33. Let w(f) = 6*f - 25. Let u(q) = -6*w(q) + 5*y(q). Calculate u(-17).
2
Let p(v) = -v**2 + 4*v - 2. Let j be (-102)/(-18) - (-4)/(-6). Let k be -3 + (10 - 4) - j. Let r be 5/k*(-16)/10. Calculate p(r).
-2
Let h(v) = -3*v**2 - 7*v - 5. Let q = -63